{"id":1473,"date":"2021-11-16T08:21:19","date_gmt":"2021-11-16T08:21:19","guid":{"rendered":"https:\/\/mitjamenorca.com\/?page_id=1473"},"modified":"2021-11-17T09:11:02","modified_gmt":"2021-11-17T09:11:02","slug":"recorreggut-21km-ciutadella","status":"publish","type":"page","link":"https:\/\/mitjamenorca.com\/?page_id=1473","title":{"rendered":"Recorregut 21km Ciutadella"},"content":{"rendered":"<p><strong>MITJA MARAT\u00d3<\/strong><\/p>\n<p><img loading=\"lazy\" decoding=\"async\" class=\"alignnone size-full wp-image-1486\" src=\"https:\/\/mitjamenorca.com\/wp-content\/uploads\/2021\/11\/WhatsApp-Image-2021-11-17-at-09.01.06.jpeg\" alt=\"\" width=\"1306\" height=\"762\" srcset=\"https:\/\/mitjamenorca.com\/wp-content\/uploads\/2021\/11\/WhatsApp-Image-2021-11-17-at-09.01.06.jpeg 1306w, https:\/\/mitjamenorca.com\/wp-content\/uploads\/2021\/11\/WhatsApp-Image-2021-11-17-at-09.01.06-300x175.jpeg 300w, https:\/\/mitjamenorca.com\/wp-content\/uploads\/2021\/11\/WhatsApp-Image-2021-11-17-at-09.01.06-1024x597.jpeg 1024w, https:\/\/mitjamenorca.com\/wp-content\/uploads\/2021\/11\/WhatsApp-Image-2021-11-17-at-09.01.06-768x448.jpeg 768w\" sizes=\"auto, (max-width: 1306px) 100vw, 1306px\" \/><\/p>\n<p>Track de la prova <a href=\"https:\/\/mitjamenorca.com\/documents\/Mitja%20Menorca%2021%20km%202021.kmz\">aqu\u00ed<\/a><\/p>\n<p>&nbsp;<\/p>\n<p><strong>10 km<\/strong><\/p>\n<p><img loading=\"lazy\" decoding=\"async\" class=\"alignnone size-full wp-image-1487\" src=\"https:\/\/mitjamenorca.com\/wp-content\/uploads\/2021\/11\/WhatsApp-Image-2021-11-17-at-09.01.15.jpeg\" alt=\"\" width=\"1313\" height=\"750\" srcset=\"https:\/\/mitjamenorca.com\/wp-content\/uploads\/2021\/11\/WhatsApp-Image-2021-11-17-at-09.01.15.jpeg 1313w, https:\/\/mitjamenorca.com\/wp-content\/uploads\/2021\/11\/WhatsApp-Image-2021-11-17-at-09.01.15-300x171.jpeg 300w, https:\/\/mitjamenorca.com\/wp-content\/uploads\/2021\/11\/WhatsApp-Image-2021-11-17-at-09.01.15-1024x585.jpeg 1024w, https:\/\/mitjamenorca.com\/wp-content\/uploads\/2021\/11\/WhatsApp-Image-2021-11-17-at-09.01.15-768x439.jpeg 768w\" sizes=\"auto, (max-width: 1313px) 100vw, 1313px\" \/><\/p>\n<p>Track de la prova <a href=\"https:\/\/mitjamenorca.com\/documents\/10km%20illa%20de%20Menorca%20%202021.kmz\">aqu\u00ed<\/a><\/p>\n<p>&nbsp;<\/p>\n<p><strong>Popular<\/strong><\/p>\n<p><img loading=\"lazy\" decoding=\"async\" class=\"alignnone size-full wp-image-1488\" src=\"https:\/\/mitjamenorca.com\/wp-content\/uploads\/2021\/11\/WhatsApp-Image-2021-11-17-at-09.03.06.jpeg\" alt=\"\" width=\"1309\" height=\"754\" srcset=\"https:\/\/mitjamenorca.com\/wp-content\/uploads\/2021\/11\/WhatsApp-Image-2021-11-17-at-09.03.06.jpeg 1309w, https:\/\/mitjamenorca.com\/wp-content\/uploads\/2021\/11\/WhatsApp-Image-2021-11-17-at-09.03.06-300x173.jpeg 300w, https:\/\/mitjamenorca.com\/wp-content\/uploads\/2021\/11\/WhatsApp-Image-2021-11-17-at-09.03.06-1024x590.jpeg 1024w, https:\/\/mitjamenorca.com\/wp-content\/uploads\/2021\/11\/WhatsApp-Image-2021-11-17-at-09.03.06-768x442.jpeg 768w\" sizes=\"auto, (max-width: 1309px) 100vw, 1309px\" \/><\/p>\n<p>Track de la prova <a href=\"https:\/\/mitjamenorca.com\/documents\/Cursa%20Popular%20Illa%20de%20Menorca%202021.kmz\">aqu\u00ed<\/a><\/p>\n<p>&nbsp;<\/p>\n","protected":false},"excerpt":{"rendered":"<p>MITJA MARAT\u00d3 Track de la prova aqu\u00ed &nbsp; 10 km Track de la prova aqu\u00ed &nbsp; Popular Track de la prova aqu\u00ed &nbsp;<\/p>\n","protected":false},"author":1,"featured_media":0,"parent":0,"menu_order":0,"comment_status":"closed","ping_status":"closed","template":"","meta":{"footnotes":""},"class_list":["post-1473","page","type-page","status-publish","hentry"],"_links":{"self":[{"href":"https:\/\/mitjamenorca.com\/index.php?rest_route=\/wp\/v2\/pages\/1473","targetHints":{"allow":["GET"]}}],"collection":[{"href":"https:\/\/mitjamenorca.com\/index.php?rest_route=\/wp\/v2\/pages"}],"about":[{"href":"https:\/\/mitjamenorca.com\/index.php?rest_route=\/wp\/v2\/types\/page"}],"author":[{"embeddable":true,"href":"https:\/\/mitjamenorca.com\/index.php?rest_route=\/wp\/v2\/users\/1"}],"replies":[{"embeddable":true,"href":"https:\/\/mitjamenorca.com\/index.php?rest_route=%2Fwp%2Fv2%2Fcomments&post=1473"}],"version-history":[{"count":7,"href":"https:\/\/mitjamenorca.com\/index.php?rest_route=\/wp\/v2\/pages\/1473\/revisions"}],"predecessor-version":[{"id":1495,"href":"https:\/\/mitjamenorca.com\/index.php?rest_route=\/wp\/v2\/pages\/1473\/revisions\/1495"}],"wp:attachment":[{"href":"https:\/\/mitjamenorca.com\/index.php?rest_route=%2Fwp%2Fv2%2Fmedia&parent=1473"}],"curies":[{"name":"wp","href":"https:\/\/api.w.org\/{rel}","templated":true}]}}

<p><strong>MITJA MARATÓ</strong></p>
<p><img loading="lazy" decoding="async" class="alignnone size-full wp-image-1486" src="https://mitjamenorca.com/wp-content/uploads/2021/11/WhatsApp-Image-2021-11-17-at-09.01.06.jpeg" alt="" width="1306" height="762" srcset="https://mitjamenorca.com/wp-content/uploads/2021/11/WhatsApp-Image-2021-11-17-at-09.01.06.jpeg 1306w, https://mitjamenorca.com/wp-content/uploads/2021/11/WhatsApp-Image-2021-11-17-at-09.01.06-300x175.jpeg 300w, https://mitjamenorca.com/wp-content/uploads/2021/11/WhatsApp-Image-2021-11-17-at-09.01.06-1024x597.jpeg 1024w, https://mitjamenorca.com/wp-content/uploads/2021/11/WhatsApp-Image-2021-11-17-at-09.01.06-768x448.jpeg 768w" sizes="auto, (max-width: 1306px) 100vw, 1306px" /></p>
<p>Track de la prova <a href="https://mitjamenorca.com/documents/Mitja%20Menorca%2021%20km%202021.kmz">aquí</a></p>
<p>&nbsp;</p>
<p><strong>10 km</strong></p>
<p><img loading="lazy" decoding="async" class="alignnone size-full wp-image-1487" src="https://mitjamenorca.com/wp-content/uploads/2021/11/WhatsApp-Image-2021-11-17-at-09.01.15.jpeg" alt="" width="1313" height="750" srcset="https://mitjamenorca.com/wp-content/uploads/2021/11/WhatsApp-Image-2021-11-17-at-09.01.15.jpeg 1313w, https://mitjamenorca.com/wp-content/uploads/2021/11/WhatsApp-Image-2021-11-17-at-09.01.15-300x171.jpeg 300w, https://mitjamenorca.com/wp-content/uploads/2021/11/WhatsApp-Image-2021-11-17-at-09.01.15-1024x585.jpeg 1024w, https://mitjamenorca.com/wp-content/uploads/2021/11/WhatsApp-Image-2021-11-17-at-09.01.15-768x439.jpeg 768w" sizes="auto, (max-width: 1313px) 100vw, 1313px" /></p>
<p>Track de la prova <a href="https://mitjamenorca.com/documents/10km%20illa%20de%20Menorca%20%202021.kmz">aquí</a></p>
<p>&nbsp;</p>
<p><strong>Popular</strong></p>
<p><img loading="lazy" decoding="async" class="alignnone size-full wp-image-1488" src="https://mitjamenorca.com/wp-content/uploads/2021/11/WhatsApp-Image-2021-11-17-at-09.03.06.jpeg" alt="" width="1309" height="754" srcset="https://mitjamenorca.com/wp-content/uploads/2021/11/WhatsApp-Image-2021-11-17-at-09.03.06.jpeg 1309w, https://mitjamenorca.com/wp-content/uploads/2021/11/WhatsApp-Image-2021-11-17-at-09.03.06-300x173.jpeg 300w, https://mitjamenorca.com/wp-content/uploads/2021/11/WhatsApp-Image-2021-11-17-at-09.03.06-1024x590.jpeg 1024w, https://mitjamenorca.com/wp-content/uploads/2021/11/WhatsApp-Image-2021-11-17-at-09.03.06-768x442.jpeg 768w" sizes="auto, (max-width: 1309px) 100vw, 1309px" /></p>
<p>Track de la prova <a href="https://mitjamenorca.com/documents/Cursa%20Popular%20Illa%20de%20Menorca%202021.kmz">aquí</a></p>
<p>&nbsp;</p>

<p>MITJA MARATÓ Track de la prova aquí &nbsp; 10 km Track de la prova aquí &nbsp; Popular Track de la prova aquí &nbsp;</p>
